w) = 1167*w + 12780. Calculate b(-11).
-57
Let d(g) = 35*g**2 - 5*g - 6. What is d(-2)?
144
Let p(y) = 87*y + 8634. What is p(-99)?
21
Let z(h) = -h**3 + 22*h**2 - 31*h - 45. Give z(20).
135
Let r(b) = 2*b**3 + 6*b**2 - 4*b - 33. Give r(-3).
-21
Let k(v) = -24*v**2 + 1921*v - 100. Determine k(80).
-20
Let v(q) = -q**2 + 117*q + 1698. Calculate v(-13).
8
Let f(l) = -13*l - 180. What is f(7)?
-271
Let o(u) = -2*u**2 - 12*u + 17. Determine o(4).
-63
Let u(i) = -302*i + 335. What is u(4)?
-873
Let l(n) = -n**2 - 41*n - 270. What is l(-7)?
-32
Let j(t) = -3*t**3 - 17*t**2 - 15*t + 8. Give j(-5).
33
Let i(y) = -2*y**2 + 148*y - 558. Give i(70).
2
Let o(h) = h**3 - 130*h**2 - 821*h + 697. Calculate o(136).
17
Let s(h) = -h**2 + 458*h - 3152. Give s(451).
5
Let b(i) = i**3 - 14*i**2 - 1396*i + 92. Determine b(-31).
123
Let b(d) = 86*d - 4392. Calculate b(51).
-6
Let l(n) = -34*n - 395. Calculate l(-13).
47
Let r(b) = -22*b**2 + 418*b + 11. Calculate r(19).
11
Let r(s) = 8*s**2 - 220*s + 596. What is r(3)?
8
Let w(t) = 3*t**2 + 70*t + 515. Determine w(-14).
123
Let t(v) = 118*v + 386. What is t(-3)?
32
Let f(v) = v**3 + 51*v**2 - 52*v + 103. Calculate f(-52).
103
Let s(y) = y**3 + 16*y**2 + 36*y + 29. Give s(-15).
-286
Let r(u) = 3*u**3 + 89*u**2 - 26*u + 200. Give r(-30).
80
Let z(m) = -258*m - 462. Give z(-3).
312
Let v(x) = x**3 + 19*x**2 - 39*x. Determine v(2).
6
Let v(x) = -56*x - 2344. Give v(-42).
8
Let s(l) = l**3 - 20*l**2 + 45*l - 851. What is s(20)?
49
Let y(t) = t**2 + 165*t - 1189. What is y(7)?
15
Let x(q) = 15*q**2 - 102*q + 158. Calculate x(4).
-10
Let z(y) = -y**2 + 50*y - 163. Give z(23).
458
Let j(m) = -2*m**2 - 21*m + 30. Determine j(-8).
70
Let i(m) = 2*m**3 + 18*m**2 - 7*m - 92. What is i(-9)?
-29
Let j(b) = -b**2 + 2383*b - 12. Calculate j(0).
-12
Let r(f) = -2*f**2 - 122*f + 4746. Determine r(-88).
-6
Let c(w) = 2*w**2 + 97*w + 225. Calculate c(-46).
-5
Let m(r) = -r**2 + 55*r + 964. Determine m(-14).
-2
Let s(t) = -2*t**3 + 29*t**2 + 48*t + 4. Give s(16).
4
Let j(b) = 3*b**2 + 104*b - 114. Give j(-36).
30
Let k(n) = 33*n**2 - 258*n - 30. Calculate k(8).
18
Let b(g) = -2*g**3 - 10*g**2 + 36*g - 22. Calculate b(4).
-166
Let i(w) = 78*w + 20. Give i(2).
176
Let z(n) = 2*n**2 + 15*n - 30. Give z(-17).
293
Let d(b) = -b**3 + 13*b**2 + 79*b + 24. What is d(-4)?
-20
Let z(q) = -42*q - 176. Calculate z(-10).
244
Let r(n) = 185*n + 5742. Calculate r(-31).
7
Let c(k) = -k**3 - 5*k**2 - 324*k - 1293. Determine c(-4).
-13
Let q(y) = -38*y - 1153. What is q(-30)?
-13
Let l(o) = 74*o + 5182. Determine l(-70).
2
Let y(f) = f**3 - 18*f**2 - 79*f - 59. What is y(22)?
139
Let p(j) = 2*j**2 - 29*j - 11. Determine p(6).
-113
Let g(r) = 2530*r + 37942. Give g(-15).
-8
Let s(y) = -171*y - 122. Give s(0).
-122
Let w(f) = -9*f + 191. Determine w(16).
47
Let i(s) = -s**3 - 45*s**2 + 3918*s - 99. Determine i(44).
-11
Let b(z) = z**3 + 25*z**2 - 32*z + 59. Give b(-26).
215
Let d(q) = 201*q - 1311. Determine d(10).
699
Let m(b) = -2331*b - 6943. What is m(-3)?
50
Let y(h) = 22*h**2 + 124*h + 628. Determine y(-5).
558
Let v(z) = 3*z**2 + 45*z + 91. Determine v(-15).
91
Let j(u) = 26*u**2 + 57*u + 112. What is j(-2)?
102
Let m(q) = q**2 - 258*q - 781. What is m(-3)?
2
Let k(j) = -j**3 + 3*j**2 + 112*j + 303. Determine k(-3).
21
Let f(g) = -g**2 - 17*g + 18. Determine f(-16).
34
Let t(k) = -k**3 - 70*k**2 - 212*k - 721. What is t(-67)?
16
Let m(j) = -28324*j - 84978. Determine m(-3).
-6
Let i(t) = -59*t - 2605. Give i(-46).
109
Let p(h) = 2*h**3 - 43*h**2 - 119*h + 5. What is p(-3)?
-79
Let c(z) = -z**3 - 36*z**2 + 2*z + 76. Determine c(-36).
4
Let y(z) = -767*z - 69009. Give y(-90).
21
Let l(x) = -x**3 + 20*x**2 - 51*x - 305. What is l(8)?
55
Let t(a) = -15*a**3 + a**2 - 5*a. Give t(0).
0
Let a(c) = c**3 + 52*c**2 - 117*c - 562. Determine a(-54).
-76
Let a(p) = -9*p + 14. Determine a(-8).
86
Let r(i) = -4*i**3 + 28*i**2 + i - 25. What is r(7)?
-18
Let p(r) = 3*r**3 + 5*r**2 - 4*r + 7. What is p(-3)?
-17
Let h(k) = -2*k**2 - 212*k - 829. What is h(-102)?
-13
Let p(f) = 5*f**3 - 10*f**2 + 16*f - 28. Determine p(2).
4
Let j(k) = -k**3 - 17*k**2 + 54*k - 131. Determine j(-20).
-11
Let n(y) = 2418*y + 9663. Give n(-4).
-9
Let r(l) = 15*l - 83. What is r(-27)?
-488
Let k(s) = -2*s**2 + 338*s + 3959. Calculate k(180).
-1
Let i(t) = -107*t - 526. What is i(-6)?
116
Let r(d) = -2*d**2 - 26*d - 55. Calculate r(-14).
-83
Let a(p) = -1072*p**3 + 3*p**2 - 16*p - 20. Give a(-1).
1071
Let l(d) = 123*d - 8481. What is l(69)?
6
Let j(c) = -c**2 + 51*c + 832. Determine j(-13).
0
Let u(z) = z**2 + 190*z - 1182. What is u(6)?
-6
Let c(z) = -z**3 - 36*z**2 - 331*z - 614. What is c(-11)?
2
Let y(u) = -36*u**2 - 862*u + 52. Give y(-24).
4
Let b(g) = 45*g - 509. Determine b(12).
31
Let x(j) = 33*j - 483. What is x(16)?
45
Let y(g) = g**2 + 106*g + 857. What is y(-97)?
-16
Let w(t) = -18*t + 168. Determine w(12).
-48
Let o(n) = 688*n - 15124. Calculate o(22).
12
Let z(x) = 3*x**2 + 107*x + 25. Give z(-36).
61
Let v(t) = -2*t**3 - 18*t**2 + 103*t - 16. Determine v(-13).
-3
Let k(d) = 3*d**2 - 50*d + 39. Determine k(8).
-169
Let d(x) = x**2 - 101*x + 294. Calculate d(98).
0
Let m(t) = -t**3 - 21*t**2 + 17*t + 24. Calculate m(-22).
134
Let g(t) = t**2 + 66*t + 963. Determine g(-59).
550
Let k(g) = -g**3 + 5*g**2 - 41*g + 524. Determine k(8).
4
Let t(n) = -n**3 + 21*n**2 + 18*n + 26. What is t(22)?
-62
Let x(g) = -3*g**3 - 55*g**2 - 14*g + 58. What is x(-18)?
-14
Let s(u) = u**3 + 144*u**2 + 801*u + 14725. Give s(-139).
-9
Let p(b) = 3*b**2 - 15*b + 21. Give p(2).
3
Let h(t) = 2*t**3 + 41*t**2 - 1223*t - 49. Determine h(-37).
25
Let z(h) = h**2 - 30*h + 15. What is z(12)?
-201
Let s(c) = -c**2 - 4*c + 1600. What is s(-41)?
83
Let c(r) = -r**2 + 6*r + 11. Calculate c(8).
-5
Let v(j) = -4168*j + 45855. What is v(11)?
7
Let y(b) = -6*b**2 + 32*b - 5. What is y(4)?
27
Let f(q) = 78*q - 857. Calculate f(12).
79
Let i(b) = -22*b - 656. Calculate i(-30).
4
Let a(z) = 5*z - 156. Give a(28).
-16
Let h(r) = -637*r - 4583. Give h(-7).
-124
Let u(v) = -2*v**3 + 10*v**2 + v - 8. Give u(6).
-74
Let a(v) = v**3 + 10*v**2 - 52*v - 736. Calculate a(-10).
-216
Let o(q) = 226*q + 8654. Give o(-38).
66
